d**3/3 + 5*d**2/2 + 7*d. List the prime factors of h(4).
13
Let w be (-4)/3 - 2/(-6). List the prime factors of (-15)/5*5*w.
3, 5
Suppose 2*s - 7*s = 40. Let i(n) = -n - 2. Let z be i(-3). What are the prime factors of (-100)/s - z/2?
2, 3
Let q = 24 - -7. What are the prime factors of q?
31
Let n(h) = -h**3 + 6*h**2 + 7*h - 5. Let q be n(7). Let r = 7 + q. Suppose -2*m = -z - 3*z + 48, 37 = 3*z - r*m. List the prime factors of z.
11
Let d(u) = 6*u**2 + 4*u - 15. List the prime factors of d(3).
3, 17
Suppose 6*g = 4*g + 2. Suppose -5*z = 2*v - 73, -z + 2*v + 6 = g. What are the prime factors of z?
13
Let c = 25 - 21. What are the prime factors of c?
2
Suppose -w = -4*w + 4*h + 184, 5*h + 118 = 2*w. List the prime factors of w.
2
Let p(h) = -5*h - 3. Let l be p(-3). Let c = 17 - l. What are the prime factors of c?
5
Let z(r) = 8 - r**3 + 6*r**2 - 2 + r**2 - 6*r. Let j be z(6). Suppose -3*k = -0*x - 4*x - 2, 3*x = 3*k - j. What are the prime factors of k?
2, 3
Let s(k) = -3*k**2 - 2*k - 1. Let d be s(-1). List the prime factors of 69/12 + d/(-8).
2, 3
Suppose 2*v - 4 = 6*v. List the prime factors of (-2)/v + 40/2.
2, 11
Suppose 56 + 40 = 4*y. List the prime factors of y.
2, 3
Let t be (-2)/(-4) - 13/26. Suppose -4*u + 5*u - 27 = t. List the prime factors of u.
3
Let c be 84/(-9) - 2/(-6). Let z = 14 + c. Suppose -r = -z*u + 13, -4*u = -4*r - u + 33. List the prime factors of r.
2, 3
Let i(b) = -b**3 - 7*b**2 - 3*b - 3. Let h = -15 - -8. What are the prime factors of i(h)?
2, 3
Suppose 3 + 2 = -5*h - 5*a, -5*h - 12 = -2*a. List the prime factors of (h/(-3))/((-5)/(-210)).
2, 7
Suppose 5*m + 3*m = 888. What are the prime factors of m?
3, 37
Let z(g) = -g**3 - 5*g**2 + 8*g - 3. List the prime factors of z(-7).
3, 13
Let r = 55 + 270. What are the prime factors of r?
5, 13
Let c(r) = -r**3 - 5*r**2 + 5*r - 1. Let o be c(-6). What are the prime factors of (-8)/o*(-8 - -3)?
2
Let s(g) = -g**3 + 7*g**2 + 5*g + 7. Let k be s(7). Suppose o - 4*o + k = 0. What are the prime factors of o?
2, 7
What are the prime factors of ((-129)/(-6) + -3)*2?
37
Let k(n) = -33*n - 9. List the prime factors of k(-7).
2, 3, 37
Let d(p) = p**2 - p + 6. Let w = 0 - 0. List the prime factors of d(w).
2, 3
Suppose -3*b = 4*z + 31, -2*b + 6*b = -2*z - 28. Let g(x) = -8*x - 1. List the prime factors of g(b).
3, 13
Let u = -99 - -274. List the prime factors of u.
5, 7
Let k(t) = t**2 - 4*t - 2. Let y be k(4). What are the prime factors of (168/(-18))/(y/6)?
2, 7
Let b = -4 - -3. Let p(o) = o + 2. Let m be p(b). What are the prime factors of 3 + (-13)/(-2 + m)?
2
Let v = -8 + 12. Suppose 0 = -0*r - 3*r + 3. Let m = v - r. List the prime factors of m.
3
Let d = -5 + 3. Let j(g) = -2*g**3 - g**2 + 3*g + 1. What are the prime factors of j(d)?
7
Let b be 47/9 - 16/72. Suppose -r + 63 = 6*g - 4*g, -4*r = -b*g + 138. List the prime factors of g.
2, 3, 5
Let p(x) = x**2 + 8*x + 3. Suppose 2*y + 12 = 3*i, -5*y + 0*i - 72 = 3*i. Let o(g) = g + 4. Let c be o(y). List the prime factors of p(c).
3
Let q = -15 - -193. List the prime factors of q.
2, 89
Let m(c) = -8 - 2*c - 4*c + 1 + 1. List the prime factors of m(-3).
2, 3
Let p(n) = -n**3 - 5*n**2 + 6*n + 5. List the prime factors of p(-7).
61
Let f = -61 - -87. List the prime factors of f.
2, 13
Suppose 5*m - u - 322 = 0, -m - 2*m = 5*u - 182. List the prime factors of m.
2
Let n(p) = 8*p**2 + 3*p - 4. What are the prime factors of n(3)?
7, 11
Suppose 0 = -4*y + s + 48, 3*y - s - 9 = 2*y. Suppose -d + 16 = -y. What are the prime factors of d?
29
Suppose 3*n + 2*n = -15, 0 = -4*l - 2*n - 22. Let y = 6 + l. Let g = 1 + y. What are the prime factors of g?
3
Let h = -1 - -5. Suppose h*i + r - 35 = 0, -3*r = -4*i + 32 + 7. What are the prime factors of i?
3
Let u = 13 - -13. List the prime factors of u.
2, 13
Let b(i) = -i + 2. Let o be b(6). Let h = o + 4. What are the prime factors of -1 + 5 - (1 + h)?
3
Suppose r - 5 = -0*r. List the prime factors of r.
5
Let v = -6 + 10. Suppose -4*b = -4*z - v, -b - 5*z - 2 - 3 = 0. Suppose 2*d - 18 - 2 = b. List the prime factors of d.
2, 5
Let a(l) = -5 - 2*l**2 + 2 - l**2 - 2*l - l**3. Let b be a(-3). Suppose -2*u + 8 = -x, -b*u + 9 + 3 = 3*x. List the prime factors of u.
2
List the prime factors of 2387/22 - 2/4.
2, 3
Let u = 9 + -15. Let p be (u/4)/((-3)/138). Let y = p - 48. List the prime factors of y.
3, 7
Suppose 2*h - 14 + 0 = 0. Let t(f) = -f**3 - 2*f**2 + 4*f + 2. Let r be t(-3). Let c = h - r. What are the prime factors of c?
2
Suppose 56 = -2*z + 4*z. List the prime factors of z.
2, 7
Suppose 2*y = 4*y. Suppose 5*h + y*h - 74 = -2*q, -4*q + 64 = 4*h. List the prime factors of h.
2, 7
Suppose 5*j + 15 = -d, 3*d = -4*j - 12 - 11. Let c = -1 - d. Suppose 0 = c*m - 7 - 1. What are the prime factors of m?
2
Let x = -18 - -8. What are the prime factors of (x + -3)/((-1)/2)?
2, 13
Let j = -4 + -23. Let l = j + 106. Suppose 0 = -5*v + l + 21. What are the prime factors of v?
2, 5
List the prime factors of -3 + 0/(-4) + 1*118.
5, 23
Let d = -6 - -9. Suppose -15 - 93 = -d*n. What are the prime factors of n?
2, 3
Let x be 2 + -1 + -1 - -20. Suppose 0 = 5*u - 3*d - 8, 0*d = 5*d - x. Suppose 0 = -u*w + 5*w - 4. What are the prime factors of w?
2
List the prime factors of -1*(-2 + 37)/(-1).
5, 7
List the prime factors of 4/10 - (-26)/10.
3
Suppose 0 = -4*o, 0*w - 4*w - 4*o = -8. Suppose -w*y + 2 + 1 = -p, -3*p + 3 = 0. List the prime factors of y.
2
Let a(v) = -2*v + 1. Let u be a(5). Let n be u/(-6)*56/6. Suppose -2 = -4*m + n. List the prime factors of m.
2
Suppose -d - 246 = -3*d - 5*k, 252 = 2*d + 2*k. What are the prime factors of d?
2
Let u be (-45)/(-9)*(-2)/(-5). Suppose u*l = 30 - 0. List the prime factors of l.
3, 5
Let u = 34 - 37. Let t(z) = z**2 + 3*z + 2. Let n be t(-4). Let j = n + u. List the prime factors of j.
3
Let m = -126 - -488. List the prime factors of m.
2, 181
Suppose 0 = -3*o + 5 + 4. Suppose -o*i = i - 20. Suppose 3*b = -b - 4*z + 64, b - i*z = -8. List the prime factors of b.
2, 3
What are the prime factors of (286/(-52))/((-1)/2)?
11
Let f(s) = -2*s - 1. Let b be f(-5). Suppose b + 47 = 4*p. What are the prime factors of p?
2, 7
Suppose -3*k + 18 = -k. Suppose -5*s = -a - 2, -5*a - k = -2*s - 45. What are the prime factors of a?
2
Suppose 148 = 16*v - 12*v. List the prime factors of v.
37
Let a be 2 - -9 - (1 + -1). Suppose 0 = -3*x + 31 + a. Let v = x - 9. What are the prime factors of v?
5
Let w(f) = -f**3 + 5*f**2 - f + 7. Let h be w(5). Suppose l = 4*l, 0 = h*m + l - 22. What are the prime factors of m?
11
Suppose 4 + 6 = 2*b. Let r(x) = x**2 - 4*x. What are the prime factors of r(b)?
5
Let v(q) = -21*q**2 - q. Let w be v(1). Suppose -3*y - 3 = -15, -2*l + 3*y = 42. Let k = l - w. What are the prime factors of k?
7
Let a be (3/(-9))/((-1)/(-87)). Let y = a - -14. Let t = y - -22. List the prime factors of t.
7
Let k = 68 + -23. What are the prime factors of k?
3, 5
Suppose 15 = -3*n, 0 = 2*v + 2*n - 29 + 7. Let x = 32 - v. List the prime factors of x.
2
Let i be (0 + -6)/(-1 - 0). Suppose -3*m + i = -3. What are the prime factors of 21/12*(1 + m)?
7
Suppose -6*x + 7*x - 40 = 0. What are the prime factors of x?
2, 5
Let p(h) = h**2 + 5*h + 6. Let u be p(-4). Suppose -u*a + 3 = 5*q, -4 = 5*a - 5*q + 6. Let f = a + 6. List the prime factors of f.
5
What are the prime factors of ((-47)/(-3))/(3/9)?
47
Suppose 0 = 5*t - 3*t - 120. Suppose -f = 4*f - t. Let i = f - 7. List the prime factors of i.
5
Suppose 2*d + 5*o + 31 = 3*d, 0 = 3*d - 4*o - 71. List the prime factors of d.
3, 7
Let h(c) = -c**3 + 5*c**2 + 6. Let g be h(5). Suppose -g = -3*b - 0. What are the prime factors of b?
2
Let x = 20 + 7. Let m = x - 13. List the prime factors of m.
2, 7
Suppose -2*j - 19 = -l, 0 = l + 7*j - 2*j - 12. Suppose -3*f + 4*r = -90, 2*f - 72 = r - l. List the prime factors of f.
2, 13
Suppose -62 = -3*h - 2*i - 2*i, 4*h - 68 = 2*i. Let o = -4 + h. What are the prime factors of o?
2, 7
Let d(l) = 6*l + 5. Let h(r) = 21*r + 17. Let m(x) = 11*x + 9. Let a(b) = 4*h(b) - 7*m(b). Let k(g) = 3*a(g) - 4*d(g). List the prime factors of k(-4).
7
Suppose 0 = -5*h - 4*y - 20, -5*h + 4*y = -4 + 24. Let o be (h/6)/((-1)/6). Suppose 3*v + j = 27, -o*v = -j - 47 + 4. What are the prime factors of v?
2, 